actors of 1573?
11, 13
What are the prime factors of 1455?
3, 5, 97
What are the prime factors of 4083?
3, 1361
List the prime factors of 37594.
2, 18797
What are the prime factors of 1502?
2, 751
List the prime factors of 6976.
2, 109
List the prime factors of 2365.
5, 11, 43
List the prime factors of 45308.
2, 47, 241
List the prime factors of 152.
2, 19
List the prime factors of 2758.
2, 7, 197
What are the prime factors of 13113?
3, 31, 47
List the prime factors of 24242.
2, 17, 23, 31
What are the prime factors of 2864?
2, 179
List the prime factors of 2492.
2, 7, 89
List the prime factors of 1749.
3, 11, 53
List the prime factors of 9998.
2, 4999
What are the prime factors of 580?
2, 5, 29
List the prime factors of 7963.
7963
List the prime factors of 74873.
74873
What are the prime factors of 1065?
3, 5, 71
What are the prime factors of 33554?
2, 19, 883
List the prime factors of 3021.
3, 19, 53
What are the prime factors of 717?
3, 239
List the prime factors of 15399.
3, 29, 59
List the prime factors of 88095.
3, 5, 7, 839
What are the prime factors of 52356?
2, 3, 4363
What are the prime factors of 14619?
3, 11, 443
List the prime factors of 1670.
2, 5, 167
List the prime factors of 94450.
2, 5, 1889
What are the prime factors of 11495?
5, 11, 19
List the prime factors of 29480.
2, 5, 11, 67
What are the prime factors of 298?
2, 149
List the prime factors of 776.
2, 97
What are the prime factors of 13356?
2, 3, 7, 53
List the prime factors of 44744.
2, 7, 17, 47
What are the prime factors of 49465?
5, 13, 761
List the prime factors of 4568.
2, 571
List the prime factors of 753.
3, 251
List the prime factors of 2869.
19, 151
What are the prime factors of 4417?
7, 631
List the prime factors of 472.
2, 59
What are the prime factors of 26567?
31, 857
List the prime factors of 15150.
2, 3, 5, 101
What are the prime factors of 691?
691
List the prime factors of 32169.
3, 10723
List the prime factors of 2399.
2399
What are the prime factors of 4?
2
What are the prime factors of 607?
607
List the prime factors of 68095.
5, 13619
List the prime factors of 128488.
2, 16061
What are the prime factors of 873?
3, 97
What are the prime factors of 3310?
2, 5, 331
List the prime factors of 6609.
3, 2203
What are the prime factors of 12280?
2, 5, 307
What are the prime factors of 1351?
7, 193
List the prime factors of 16328.
2, 13, 157
List the prime factors of 38293.
149, 257
What are the prime factors of 6142?
2, 37, 83
What are the prime factors of 8648?
2, 23, 47
What are the prime factors of 4220?
2, 5, 211
List the prime factors of 5364.
2, 3, 149
What are the prime factors of 2042?
2, 1021
List the prime factors of 42452.
2, 10613
List the prime factors of 752.
2, 47
List the prime factors of 37016.
2, 7, 661
What are the prime factors of 22320?
2, 3, 5, 31
What are the prime factors of 996?
2, 3, 83
What are the prime factors of 89345?
5, 107, 167
What are the prime factors of 120006?
2, 3, 59, 113
What are the prime factors of 4004?
2, 7, 11, 13
What are the prime factors of 6994?
2, 13, 269
What are the prime factors of 650?
2, 5, 13
What are the prime factors of 14026?
2, 7013
List the prime factors of 8139.
3, 2713
What are the prime factors of 5553?
3, 617
What are the prime factors of 81093?
3, 27031
List the prime factors of 6858.
2, 3, 127
What are the prime factors of 23608?
2, 13, 227
What are the prime factors of 11007?
3, 1223
What are the prime factors of 507?
3, 13
What are the prime factors of 1916?
2, 479
List the prime factors of 31029.
3, 10343
What are the prime factors of 61012?
2, 7, 2179
List the prime factors of 72875.
5, 11, 53
What are the prime factors of 123886?
2, 7, 8849
List the prime factors of 413.
7, 59
What are the prime factors of 27110?
2, 5, 2711
What are the prime factors of 68?
2, 17
List the prime factors of 843.
3, 281
List the prime factors of 11559.
3, 3853
What are the prime factors of 3043?
17, 179
What are the prime factors of 2588?
2, 647
What are the prime factors of 9487?
53, 179
List the prime factors of 9131.
23, 397
List the prime factors of 7202.
2, 13, 277
What are the prime factors of 127953?
3, 7, 677
List the prime factors of 4066.
2, 19, 107
List the prime factors of 1403.
23, 61
List the prime factors of 2358.
2, 3, 131
List the prime factors of 497.
7, 71
List the prime factors of 1417.
13, 109
List the prime factors of 17564.
2, 4391
List the prime factors of 13456.
2, 29
What are the prime factors of 937?
937
What are the prime factors of 3329?
3329
List the prime factors of 27900.
2, 3, 5, 31
List the prime factors of 4104.
2, 3, 19
List the prime factors of 466.
2, 233
List the prime factors of 89071.
89071
List the prime factors of 7114.
2, 3557
List the prime factors of 757.
757
What are the prime factors of 3805?
5, 761
What are the prime factors of 655?
5, 131
What are the prime factors of 43743?
3, 7, 2083
What are the prime factors of 4294?
2, 19, 113
List the prime factors of 1950.
2, 3, 5, 13
What are the prime factors of 384?
2, 3
What are the prime factors of 11819?
53, 223
List the prime factors of 1256.
2, 157
List the prime factors of 1913.
1913
What are the prime factors of 3142?
2, 1571
What are the prime factors of 10336?
2, 17, 19
What are the prime factors of 1363?
29, 47
List the prime factors of 194.
2, 97
List the prime factors of 63133.
7, 29, 311
What are the prime factors of 1857?
3, 619
What are the prime factors of 110?
2, 5, 11
What are the prime factors of 8862?
2, 3, 7, 211
List the prime factors of 111465.
3, 5, 2477
List the prime factors of 30935.
5, 23, 269
What are the prime factors of 2620?
2, 5, 131
What are the prime factors of 16701?
3, 19, 293
What are the prime factors of 3221?
3221
What are the prime factors of 753?
3, 251
List the prime factors of 3229.
3229
List the prime factors of 966.
2, 3, 7, 23
List the prime factors of 43525.
5, 1741
What are the prime factors of 7890?
2, 3, 5, 263
List the prime factors of 396.
2, 3, 11
List the prime factors of 468.
2, 3, 13
What are the prime factors of 37818?
2, 3, 11, 191
List the prime factors of 1334.
2, 23, 29
What are the prime factors of 803?
11, 73
What are the prime factors of 2931?
3, 977
What are the prime factors of 30051?
3, 7, 53
List the prime factors of 252.
2, 3, 7
What are the prime factors of 136682?
2, 7, 13, 751
What are the prime factors of 935?
5, 11, 17
List the prime factors of 8505.
3, 5, 7
List the prime factors of 12854.
2, 6427
What are the prime factors of 6745?
5, 19, 71
What are the prime factors of 97682?
2, 13, 17
What are the prime factors of 939?
3, 313
What are the prime factors of 6399?
3, 79
List the prime factors of 102925.
5, 23, 179
What are the prime factors of 497?
7, 71
List the prime factors of 39782.
2, 19891
List the prime factors of 36294.
2, 3, 23, 263
List the prime factors of 52825.
5, 2113
What are the prime factors of 1661?
11, 151
What are the prime factors of 538?
2, 269
What are the prime factors of 12586?
2, 7, 29, 31
List the prime factors of 30216.
2, 3, 1259
List the prime factors of 37800.
2, 3, 5, 7
List the prime factors of 122326.
2, 31, 1973
List the prime factors of 77996.
2, 17, 31, 37
List the prime factors of 61064.
2, 17, 449
List the prime factors of 63921.
3, 11, 13, 149
List the prime factors of 561.
3, 11, 17
What are the prime factors of 571?
571
What are the prime factors of 2104?
2, 263
What are the prime factors of 61801?
23, 2687
What are the prime factors of 17358?
2, 3, 11, 263
List the prime factors of 722.
2, 19
List the prime factors of 887.
887
What are the prime factors of 1678?
2, 839
What are the prime factors of 43757?
7, 19, 47
What are the prime factors of 118583?
118583
What are the prime factors of 3056?
2, 191
List the prime factors of 26589.
3, 8863
List the prime factors of 14420.
2, 5, 7, 103
List the prime factors of 1077.
3, 359
What are the prime factors of 1874?
2, 937
List the prime factors of 9408.
2, 3, 7
What are the prime factors of 925?
5, 37
List the prime factors of 3890.
2, 5, 389
List the prime factors of 1912.
2, 239
List the prime factors of 11536.
2, 7, 103
List the prime factors of 99122.
2, 29, 1709
List the prime factors of 4702.
2, 2351
List the prime factors of 11970.
2, 3,